mon factor of 7396 and 52?
4
Calculate the highest common divisor of 3424 and 48.
16
Calculate the greatest common divisor of 2079321 and 34.
17
Calculate the greatest common factor of 390 and 10686.
78
Calculate the greatest common factor of 5174 and 2678.
26
What is the greatest common divisor of 6 and 453111?
3
Calculate the highest common divisor of 11295 and 3195.
45
What is the highest common factor of 2320 and 3915?
145
What is the highest common factor of 2629 and 374?
11
What is the greatest common factor of 432 and 20784?
48
What is the highest common divisor of 21804 and 444?
12
Calculate the highest common factor of 247420 and 5696.
356
What is the greatest common divisor of 938 and 23718?
134
Calculate the greatest common factor of 559 and 4.
1
Calculate the greatest common factor of 42822 and 54.
54
Calculate the highest common factor of 312 and 857688.
312
What is the greatest common factor of 363609 and 67?
67
Calculate the highest common divisor of 35860 and 5868.
652
What is the greatest common divisor of 413 and 1739143?
413
Calculate the highest common factor of 11904 and 93837.
93
What is the greatest common divisor of 8880 and 4995?
555
What is the highest common divisor of 3822 and 196?
98
Calculate the greatest common divisor of 24 and 14512.
8
What is the highest common factor of 2112 and 15552?
192
Calculate the highest common divisor of 10833 and 218073.
471
What is the greatest common divisor of 33709 and 3328?
13
Calculate the greatest common factor of 3667 and 445637.
193
What is the highest common factor of 200433 and 6603?
213
What is the highest common divisor of 125650 and 5950?
350
What is the highest common factor of 591 and 339?
3
What is the greatest common factor of 708 and 1435352?
236
Calculate the highest common divisor of 1709625 and 564.
141
What is the greatest common divisor of 15712 and 1952?
32
What is the greatest common factor of 38988 and 3240?
108
What is the greatest common factor of 10 and 1806310?
10
Calculate the greatest common divisor of 351 and 46722.
39
What is the greatest common factor of 54944 and 224?
32
What is the greatest common divisor of 1320 and 21345?
15
What is the greatest common divisor of 156375 and 2625?
375
Calculate the greatest common divisor of 58045 and 532.
19
What is the highest common factor of 6 and 3566?
2
Calculate the greatest common factor of 99421 and 49.
49
What is the highest common factor of 11709 and 144?
9
What is the highest common divisor of 198 and 1098?
18
Calculate the highest common divisor of 2151485 and 35.
35
Calculate the highest common factor of 17 and 577.
1
What is the greatest common divisor of 86 and 464787?
43
What is the greatest common divisor of 5144 and 88?
8
Calculate the greatest common divisor of 2690 and 410.
10
What is the greatest common factor of 709543 and 1073?
29
What is the greatest common factor of 18104 and 186?
62
What is the highest common factor of 114 and 110238?
114
What is the highest common divisor of 39242 and 49?
7
Calculate the greatest common factor of 2432 and 874.
38
What is the highest common divisor of 4326 and 3318?
42
Calculate the highest common divisor of 18540 and 585.
45
What is the highest common factor of 1008 and 36729?
63
Calculate the greatest common factor of 463465 and 5.
5
What is the greatest common factor of 22 and 5661909?
11
What is the highest common factor of 308675 and 800?
25
What is the greatest common divisor of 208 and 5608?
8
Calculate the greatest common factor of 11175 and 75.
75
Calculate the highest common divisor of 29664 and 152955.
927
Calculate the greatest common factor of 321002 and 66.
22
What is the greatest common factor of 132 and 1547502?
66
What is the greatest common factor of 60993 and 27?
27
What is the highest common divisor of 19400 and 30?
10
What is the highest common divisor of 682 and 6556?
22
What is the highest common factor of 9809 and 246379?
577
Calculate the highest common factor of 543 and 119822.
181
Calculate the greatest common divisor of 6291100 and 3180.
1060
Calculate the greatest common factor of 1402185 and 30.
15
Calculate the highest common divisor of 81216 and 4.
4
What is the greatest common factor of 4 and 47980?
4
What is the greatest common factor of 145092 and 69156?
1356
What is the highest common divisor of 297 and 14289?
33
Calculate the highest common factor of 88 and 1097.
1
Calculate the greatest common factor of 186 and 323733.
93
What is the highest common factor of 12921 and 2537?
59
Calculate the highest common factor of 1190 and 14742.
14
Calculate the highest common factor of 394 and 76633.
197
Calculate the highest common factor of 17560 and 1600155.
2195
Calculate the greatest common divisor of 42 and 220146.
6
What is the greatest common divisor of 1566 and 9483?
87
What is the greatest common factor of 2 and 2571826?
2
Calculate the highest common divisor of 63407 and 15811.
163
What is the highest common divisor of 91361 and 103?
103
What is the greatest common factor of 1127 and 314678?
49
Calculate the greatest common divisor of 7783 and 9412.
181
What is the highest common factor of 22 and 67078?
22
Calculate the highest common divisor of 12770 and 4080.
10
Calculate the highest common divisor of 130327 and 53.
53
What is the greatest common divisor of 49648 and 535?
107
Calculate the greatest common factor of 11 and 6897.
11
What is the greatest common factor of 3036 and 47300?
44
Calculate the highest common divisor of 180 and 469476.
36
Calculate the greatest common factor of 5518 and 217372.
62
What is the greatest common factor of 77816 and 1704?
568
Calculate the greatest common divisor of 115587 and 27.
27
Calculate the greatest common divisor of 6978 and 72.
6
Calculate the highest common divisor of 363292 and 4.
4
Calculate the greatest common factor of 4081 and 143.
11
What is the greatest common factor of 350 and 64834?
14
What is the greatest common factor of 1289120 and 840?
280
What is the greatest common factor of 384 and 1608?
24
What is the highest common divisor of 150 and 12786?
6
What is the greatest common factor of 5994 and 15466?
74
What is the highest common factor of 764 and 315341?
191
Calculate the highest common divisor of 720 and 500.
20
What is the highest common divisor of 15969 and 105?
3
What is the highest common divisor of 408238 and 34?
34
Calculate the greatest common factor of 186 and 5146.
62
Calculate the greatest common factor of 209352 and 13.
13
Calculate the greatest common divisor of 242976 and 96.
96
Calculate the highest common divisor of 1355775 and 150.
75
Calculate the highest common factor of 1456 and 2058.
14
What is the highest common divisor of 4624 and 367472?
272
Calculate the highest common divisor of 90 and 3309885.
45
What is the highest common factor of 1225088 and 204?
68
Calculate the highest common divisor of 3808 and 193088.
224
Calculate the highest common divisor of 3996 and 1026.
54
Calculate the greatest common factor of 704 and 286.
22
What is the highest common factor of 12914047 and 349?
349
What is the greatest common divisor of 396 and 495?
99
Calculate the greatest common divisor of 42873 and 837.
93
What is the highest common divisor of 148752 and 288?
144
Calculate the highest common divisor of 6 and 1316082.
6
What is the greatest common divisor of 28148 and 41768?
908
What is the highest common factor of 9614 and 121?
11
What is the highest common factor of 1551 and 183?
3
What is the highest common divisor of 163 and 5953901?
163
Calculate the greatest common divisor of 10272 and 1056.
96
What is the greatest common factor of 29318 and 10058?
214
Calculate the greatest common divisor of 1696 and 288.
32
Calculate the greatest common factor of 71772 and 144.
12
Calculate the greatest common factor of 3608 and 2816.
88
What is the greatest common factor of 15104 and 240?
16
What is the highest common factor of 4188 and 372?
12
Calculate the greatest common divisor of 56996 and 116.
4
What is the greatest common factor of 18 and 68832?
18
What is the highest common divisor of 124 and 304730?
62
What is the greatest common divisor of 19642 and 403942?
854
Calculate the highest common factor of 99897 and 11289.
213
What is the highes